of 103709 and 1781?
137
What is the greatest common divisor of 66 and 17748?
6
Calculate the greatest common factor of 238717 and 97.
97
What is the greatest common factor of 184807 and 238?
119
Calculate the highest common divisor of 441 and 3481.
1
What is the greatest common factor of 112 and 11207?
7
What is the greatest common factor of 1072 and 8107?
67
Calculate the highest common divisor of 40 and 11828.
4
Calculate the greatest common divisor of 1854552 and 2656.
664
What is the highest common factor of 9489973 and 59?
59
Calculate the greatest common divisor of 81 and 134163.
27
What is the highest common factor of 1425592 and 56?
56
What is the greatest common factor of 465 and 179805?
15
Calculate the greatest common factor of 4726 and 187.
17
Calculate the greatest common factor of 8983 and 234.
13
What is the highest common divisor of 129740 and 195?
65
Calculate the greatest common divisor of 154 and 28854.
14
Calculate the highest common divisor of 80 and 61615.
5
Calculate the greatest common factor of 30492 and 18144.
252
Calculate the greatest common divisor of 2838 and 7524.
66
What is the greatest common divisor of 58197 and 171?
57
Calculate the greatest common divisor of 2929 and 348.
29
Calculate the greatest common factor of 14768 and 10192.
208
What is the highest common divisor of 218112 and 6912?
768
Calculate the greatest common factor of 78 and 4017.
39
What is the highest common divisor of 433 and 759915?
433
Calculate the highest common factor of 17259 and 198.
33
Calculate the greatest common factor of 30 and 376410.
30
Calculate the greatest common factor of 10 and 5470.
10
What is the greatest common factor of 1182112 and 2120?
424
Calculate the greatest common divisor of 8 and 40336.
8
What is the highest common factor of 42024 and 35123?
103
Calculate the highest common divisor of 1701500 and 2500.
500
Calculate the greatest common divisor of 1327208 and 2.
2
What is the highest common factor of 18 and 14622?
6
Calculate the highest common factor of 153 and 270657.
153
What is the greatest common divisor of 2200 and 553900?
100
What is the highest common divisor of 6531 and 20622?
21
What is the greatest common factor of 102828 and 656?
164
Calculate the greatest common divisor of 9384 and 1751.
17
What is the greatest common factor of 3060 and 26044?
68
What is the greatest common divisor of 200 and 269250?
50
Calculate the highest common divisor of 17052 and 49098.
294
What is the highest common factor of 9628 and 249?
83
What is the greatest common divisor of 164 and 361948?
164
Calculate the greatest common divisor of 96 and 6324.
12
What is the greatest common divisor of 90 and 78920?
10
Calculate the highest common factor of 4520 and 11720.
40
Calculate the greatest common divisor of 1958 and 41822.
22
Calculate the greatest common factor of 2479 and 871.
67
Calculate the highest common factor of 7950 and 180942.
318
Calculate the highest common factor of 74424 and 56.
56
What is the highest common factor of 2085875 and 550?
275
Calculate the greatest common divisor of 138347 and 11.
11
What is the highest common factor of 89 and 41029?
89
Calculate the greatest common divisor of 1089 and 700590.
363
What is the highest common divisor of 292495 and 3843?
427
Calculate the greatest common factor of 780 and 14404.
52
Calculate the highest common factor of 133 and 2681.
7
What is the greatest common factor of 8 and 5042?
2
Calculate the highest common divisor of 46900 and 131600.
700
What is the greatest common divisor of 10 and 1961090?
10
Calculate the greatest common divisor of 7769 and 4913.
17
What is the highest common factor of 13281229 and 13?
13
Calculate the highest common divisor of 11 and 176331.
1
What is the greatest common factor of 852096 and 3072?
384
Calculate the greatest common factor of 7413 and 504.
21
Calculate the highest common factor of 5380575 and 75.
75
What is the greatest common divisor of 9815 and 2665?
65
Calculate the greatest common factor of 320496 and 2640.
528
What is the highest common factor of 442 and 82042?
34
Calculate the greatest common factor of 370 and 184070.
10
Calculate the greatest common factor of 4052 and 74.
2
What is the highest common divisor of 15748 and 2540?
508
Calculate the greatest common divisor of 2601 and 24741.
9
Calculate the highest common factor of 3552 and 110334.
222
Calculate the highest common divisor of 2 and 156202.
2
What is the highest common divisor of 399 and 21903?
21
Calculate the highest common factor of 3744 and 2688.
96
Calculate the greatest common divisor of 612 and 160524.
36
What is the highest common factor of 254943 and 5148?
117
What is the highest common divisor of 51 and 864739?
17
Calculate the greatest common factor of 407030 and 1235.
65
What is the highest common factor of 34795210 and 706?
706
What is the highest common divisor of 2498626 and 442?
442
Calculate the greatest common factor of 1944 and 1863.
81
Calculate the highest common factor of 1512 and 56808.
216
Calculate the greatest common divisor of 1000 and 10800.
200
What is the greatest common divisor of 120300 and 200?
100
Calculate the greatest common divisor of 4390 and 240.
10
Calculate the greatest common divisor of 718 and 245197.
359
Calculate the highest common factor of 108 and 111402.
54
Calculate the greatest common divisor of 18468 and 11178.
486
Calculate the highest common divisor of 5832 and 792.
72
What is the highest common divisor of 7304 and 838632?
664
What is the greatest common divisor of 73957 and 1469?
13
What is the greatest common factor of 1500 and 8700?
300
What is the highest common divisor of 629728 and 2464?
352
What is the greatest common divisor of 1036895 and 87?
29
Calculate the greatest common divisor of 125 and 82930.
5
Calculate the highest common factor of 136548 and 36.
36
Calculate the greatest common divisor of 58 and 1818880.
58
Calculate the highest common divisor of 1748 and 2052.
76
Calculate the highest common divisor of 2115 and 15780.
15
Calculate the highest common divisor of 228 and 8284.
76
What is the greatest common divisor of 728 and 175903?
91
Calculate the highest common factor of 1716 and 14916.
132
What is the greatest common divisor of 14450 and 50?
50
What is the highest common factor of 79216 and 16?
16
What is the greatest common factor of 64 and 1646080?
64
What is the greatest common factor of 3848 and 999?
37
What is the highest common factor of 2142 and 1666?
238
What is the highest common factor of 5319 and 351?
27
What is the greatest common divisor of 912 and 40413?
57
What is the highest common divisor of 81164 and 10712?
412
Calculate the highest common factor of 252720 and 680.
40
What is the greatest common divisor of 223881 and 5145?
147
What is the highest common factor of 140140 and 325?
65
Calculate the greatest common factor of 5115 and 66.
33
Calculate the highest common factor of 30 and 81156.
6
What is the highest common factor of 14048 and 72?
8
What is the highest common factor of 12320 and 1498?
14
Calculate the greatest common factor of 96 and 381864.
24
What is the highest common divisor of 4075 and 1467?
163
Calculate the highest common divisor of 840 and 24822.
42
Calculate the highest common divisor of 903 and 3927.
21
Calculate the greatest common factor of 207014 and 534.
178
What is the highest common factor of 2651949 and 153?
153
What is the greatest common factor of 3055610 and 590?
590
Calculate the greatest common factor of 3330 and 7918.
74
What is the greatest common factor of 544 and 353872?
272
Calculate the greatest common factor of 10439411 and 731.
731
What is the highest common factor of 139072 and 205?
41
What is the highest common factor of 32 and 1152080?
16
Calculate the greatest common divisor of 15252 and 744.
372
Calculate the greatest common divisor of 5205 and 405.
15
What is the highest common divisor of 237122 and 106?
106
Calculate the highest common factor of 227009 and 274.
137
What is the greatest common factor of 3038 and 8122?
62
Calculate the highest common divisor of 4273072 and 848.
848
What is the highest common divisor of 5978 and 181888?
98
Calculate the greatest common factor of 1057738 and 132.
22
What is the highes